{"id":422,"date":"2023-07-03T17:04:37","date_gmt":"2023-07-03T15:04:37","guid":{"rendered":"https:\/\/obienetredherbauges.fr\/?post_type=product&#038;p=422"},"modified":"2026-01-16T21:20:17","modified_gmt":"2026-01-16T20:20:17","slug":"theme-pour-guerir-vos-blessures-emotionnelles","status":"publish","type":"product","link":"https:\/\/obienetredherbauges.fr\/index.php\/produit\/theme-pour-guerir-vos-blessures-emotionnelles\/","title":{"rendered":"Th\u00e8me pour gu\u00e9rir vos blessures \u00e9motionnelles"},"content":{"rendered":"<p>Les le\u00e7ons karmiques indiquent les qualit\u00e9s qui n&rsquo;ont pas encore \u00e9t\u00e9 acquises par l&rsquo;\u00e2me. Elles indiquent des difficult\u00e9s, des blocages, des blessures et des situations qui se r\u00e9p\u00e8tent. Les dettes karmiques correspondent \u00e0 un ou plusieurs torts caus\u00e9s \u00e0 une ou plusieurs personnes lors d&rsquo;une vie pass\u00e9e et que l&rsquo;on vient am\u00e9liorer dans cette vie actuelle. Vous replongerez dans votre enfance. Qu&rsquo;exprimiez-vous quand vous \u00e9tiez enfant ? Renouez avec votre enfant int\u00e9rieur, avec sa cr\u00e9ativit\u00e9 et sa joie.<\/p>\n","protected":false},"excerpt":{"rendered":"<p>Les le\u00e7ons karmiques indiquent les qualit\u00e9s qui n&rsquo;ont pas encore \u00e9t\u00e9 acquises par l&rsquo;\u00e2me. Elles indiquent des difficult\u00e9s, des blocages, des blessures et des situations qui se r\u00e9p\u00e8tent. Les dettes &hellip; <\/p>\n","protected":false},"featured_media":476,"comment_status":"open","ping_status":"closed","template":"","meta":{"_uag_custom_page_level_css":"","_exactmetrics_skip_tracking":false,"_exactmetrics_sitenote_active":false,"_exactmetrics_sitenote_note":"","_exactmetrics_sitenote_category":0,"_monsterinsights_skip_tracking":false,"_monsterinsights_sitenote_active":false,"_monsterinsights_sitenote_note":"","_monsterinsights_sitenote_category":0},"product_brand":[],"product_cat":[26],"product_tag":[],"class_list":{"0":"post-422","1":"product","2":"type-product","3":"status-publish","4":"has-post-thumbnail","6":"product_cat-nkt","8":"first","9":"instock","10":"shipping-taxable","11":"purchasable","12":"product-type-simple"},"aioseo_notices":[],"uagb_featured_image_src":{"full":["https:\/\/i0.wp.com\/obienetredherbauges.fr\/wp-content\/uploads\/2023\/07\/pexels-jasmine-carter-613321-scaled.jpg?fit=2560%2C1566&ssl=1",2560,1566,false],"thumbnail":["https:\/\/i0.wp.com\/obienetredherbauges.fr\/wp-content\/uploads\/2023\/07\/pexels-jasmine-carter-613321-scaled.jpg?resize=150%2C150&ssl=1",150,150,true],"medium":["https:\/\/i0.wp.com\/obienetredherbauges.fr\/wp-content\/uploads\/2023\/07\/pexels-jasmine-carter-613321-scaled.jpg?fit=300%2C184&ssl=1",300,184,true],"medium_large":["https:\/\/i0.wp.com\/obienetredherbauges.fr\/wp-content\/uploads\/2023\/07\/pexels-jasmine-carter-613321-scaled.jpg?fit=767%2C469&ssl=1",767,469,true],"large":["https:\/\/i0.wp.com\/obienetredherbauges.fr\/wp-content\/uploads\/2023\/07\/pexels-jasmine-carter-613321-scaled.jpg?fit=767%2C469&ssl=1",767,469,true],"1536x1536":["https:\/\/i0.wp.com\/obienetredherbauges.fr\/wp-content\/uploads\/2023\/07\/pexels-jasmine-carter-613321-scaled.jpg?fit=1536%2C940&ssl=1",1536,940,true],"2048x2048":["https:\/\/i0.wp.com\/obienetredherbauges.fr\/wp-content\/uploads\/2023\/07\/pexels-jasmine-carter-613321-scaled.jpg?fit=2048%2C1253&ssl=1",2048,1253,true],"blossom-spa-single":["https:\/\/i0.wp.com\/obienetredherbauges.fr\/wp-content\/uploads\/2023\/07\/pexels-jasmine-carter-613321-scaled.jpg?resize=1920%2C700&ssl=1",1920,700,true],"blossom-spa-service":["https:\/\/i0.wp.com\/obienetredherbauges.fr\/wp-content\/uploads\/2023\/07\/pexels-jasmine-carter-613321-scaled.jpg?resize=480%2C324&ssl=1",480,324,true],"blossom-spa-team":["https:\/\/i0.wp.com\/obienetredherbauges.fr\/wp-content\/uploads\/2023\/07\/pexels-jasmine-carter-613321-scaled.jpg?resize=270%2C300&ssl=1",270,300,true],"blossom-spa-pagination":["https:\/\/i0.wp.com\/obienetredherbauges.fr\/wp-content\/uploads\/2023\/07\/pexels-jasmine-carter-613321-scaled.jpg?resize=370%2C247&ssl=1",370,247,true],"blossom-spa-blog-list":["https:\/\/i0.wp.com\/obienetredherbauges.fr\/wp-content\/uploads\/2023\/07\/pexels-jasmine-carter-613321-scaled.jpg?resize=640%2C480&ssl=1",640,480,true],"blossom-spa-blog-classic":["https:\/\/i0.wp.com\/obienetredherbauges.fr\/wp-content\/uploads\/2023\/07\/pexels-jasmine-carter-613321-scaled.jpg?resize=776%2C517&ssl=1",776,517,true],"blossom-spa-blog-classic-full":["https:\/\/i0.wp.com\/obienetredherbauges.fr\/wp-content\/uploads\/2023\/07\/pexels-jasmine-carter-613321-scaled.jpg?resize=1170%2C517&ssl=1",1170,517,true],"blossom-spa-related":["https:\/\/i0.wp.com\/obienetredherbauges.fr\/wp-content\/uploads\/2023\/07\/pexels-jasmine-carter-613321-scaled.jpg?resize=110%2C83&ssl=1",110,83,true],"woocommerce_thumbnail":["https:\/\/i0.wp.com\/obienetredherbauges.fr\/wp-content\/uploads\/2023\/07\/pexels-jasmine-carter-613321-scaled.jpg?resize=300%2C300&ssl=1",300,300,true],"woocommerce_single":["https:\/\/i0.wp.com\/obienetredherbauges.fr\/wp-content\/uploads\/2023\/07\/pexels-jasmine-carter-613321-scaled.jpg?fit=600%2C367&ssl=1",600,367,true],"woocommerce_gallery_thumbnail":["https:\/\/i0.wp.com\/obienetredherbauges.fr\/wp-content\/uploads\/2023\/07\/pexels-jasmine-carter-613321-scaled.jpg?resize=300%2C300&ssl=1",300,300,true]},"uagb_author_info":{"display_name":"ALEXANDRA","author_link":"https:\/\/obienetredherbauges.fr\/index.php\/author\/"},"uagb_comment_info":0,"uagb_excerpt":"Les le\u00e7ons karmiques indiquent les qualit\u00e9s qui n&rsquo;ont pas encore \u00e9t\u00e9 acquises par l&rsquo;\u00e2me. Elles indiquent des difficult\u00e9s, des blocages, des blessures et des situations qui se r\u00e9p\u00e8tent. Les dettes &hellip;","jetpack_sharing_enabled":true,"_links":{"self":[{"href":"https:\/\/obienetredherbauges.fr\/index.php\/wp-json\/wp\/v2\/product\/422","targetHints":{"allow":["GET"]}}],"collection":[{"href":"https:\/\/obienetredherbauges.fr\/index.php\/wp-json\/wp\/v2\/product"}],"about":[{"href":"https:\/\/obienetredherbauges.fr\/index.php\/wp-json\/wp\/v2\/types\/product"}],"replies":[{"embeddable":true,"href":"https:\/\/obienetredherbauges.fr\/index.php\/wp-json\/wp\/v2\/comments?post=422"}],"wp:featuredmedia":[{"embeddable":true,"href":"https:\/\/obienetredherbauges.fr\/index.php\/wp-json\/wp\/v2\/media\/476"}],"wp:attachment":[{"href":"https:\/\/obienetredherbauges.fr\/index.php\/wp-json\/wp\/v2\/media?parent=422"}],"wp:term":[{"taxonomy":"product_brand","embeddable":true,"href":"https:\/\/obienetredherbauges.fr\/index.php\/wp-json\/wp\/v2\/product_brand?post=422"},{"taxonomy":"product_cat","embeddable":true,"href":"https:\/\/obienetredherbauges.fr\/index.php\/wp-json\/wp\/v2\/product_cat?post=422"},{"taxonomy":"product_tag","embeddable":true,"href":"https:\/\/obienetredherbauges.fr\/index.php\/wp-json\/wp\/v2\/product_tag?post=422"}],"curies":[{"name":"wp","href":"https:\/\/api.w.org\/{rel}","templated":true}]}}