{"id":297,"date":"2023-06-28T17:19:47","date_gmt":"2023-06-28T15:19:47","guid":{"rendered":"https:\/\/obienetredherbauges.fr\/?page_id=297"},"modified":"2024-05-22T16:14:27","modified_gmt":"2024-05-22T14:14:27","slug":"conditions-generales-de-ventes","status":"publish","type":"page","link":"https:\/\/obienetredherbauges.fr\/index.php\/conditions-generales-de-ventes\/","title":{"rendered":"CONDITIONS GENERALES DE VENTE CGV"},"content":{"rendered":"\n<p><strong>Article 1 : G\u00e9n\u00e9ralit\u00e9s<\/strong><\/p>\n\n\n\n<p>Les pr\u00e9sentes Conditions G\u00e9n\u00e9rales de Vente constituent, conform\u00e9ment \u00e0 l&rsquo;article L441-1 du Code du Commerce, la relation commerciale entre les parties. Les pr\u00e9sentes conditions g\u00e9n\u00e9rales de vente concernent l&rsquo;entreprise indivuelle \u00d4 bien \u00eatre d&rsquo;Herbauges, 35 rue du Gotha, 44118 La Chevroli\u00e8re, auto entreprise de Madame Alexandra Baudry, num\u00e9ro de siret 95268494200016.<\/p>\n\n\n\n<p>La caract\u00e9ristique du service rendu sera l&rsquo;\u00e9tablissement de th\u00e8me de num\u00e9rologie karmique tib\u00e9taine via le site internet, les r\u00e9seaux sociaux. Toute commande de ce service implique, de la part du client, l&rsquo;acceptation des pr\u00e9sentes Conditions G\u00e9n\u00e9rales de Vente et des conditions g\u00e9n\u00e9rales d&rsquo;utilisation du site internet pour les commandes dans la boutique en ligne. Les renseignements et les tarifs figurant sur le site, les r\u00e9seaux sociaux ou autres flyers sont donn\u00e9s \u00e0 titre indicatif et sont r\u00e9visables \u00e0 tout moment et laisse le prestataire libre d&rsquo;apporter toutes modifications qui lui semblent juste et utile.<\/p>\n\n\n\n<p><strong>Article 2 : Conditions de r\u00e9alisation des commandes<\/strong><\/p>\n\n\n\n<p>Les commandes de th\u00e8me sont pass\u00e9es via le site internet dans la page \u00ab\u00a0boutique\u00a0\u00bb. La r\u00e9alisation du paiement s&rsquo;effectuera en ligne en cochant  la case \u00ab\u00a0j&rsquo;accepte les conditions g\u00e9n\u00e9rales\u00a0\u00bb afin de valider la commande. <\/p>\n\n\n\n<p>A ce titre, aucun remboursement ne pourra \u00eatre demand\u00e9 par le client d\u00e8s la validation de la commande.<\/p>\n\n\n\n<p><strong>Article 3 : Tarifs et conditions de r\u00e8glement<\/strong><\/p>\n\n\n\n<p>Les prix des th\u00e8mes figurant sur le site internet le jour de la commande sont accept\u00e9s tel quel par le client et sont indiqu\u00e9s en euros toutes taxes comprises. Une facture sera r\u00e9alis\u00e9e et remise par email au client sur sa demande.<\/p>\n\n\n\n<p>Le prix est payable comptant. Les modes de paiement sont les suivants :<\/p>\n\n\n\n<ul class=\"wp-block-list\">\n<li>par cartes bancaires s\u00e9curis\u00e9 en ligne par l&rsquo;interm\u00e9diaire de la soci\u00e9t\u00e9 Stripe<\/li>\n\n\n\n<li>par virement bancaire<\/li>\n\n\n\n<li>par ch\u00e8que bancaire<\/li>\n<\/ul>\n\n\n\n<p> Les th\u00e8mes seront envoy\u00e9s par e-mail apr\u00e8s la reception du paiement sous un d\u00e9lai de 30 jours.<\/p>\n\n\n\n<p><strong>Article 4 : Loi applicable et juridiction comp\u00e9tente<\/strong><\/p>\n\n\n\n<p>Les pr\u00e9sentes CGV sont soumises \u00e0 la l\u00e9gislation fran\u00e7aise. En cas de litiges les parties s\u2019engagent \u00e0 rechercher une solution \u00e0 l\u2019amiable avant toute action judiciaire. A d\u00e9faut, tout diff\u00e9rent survenant avec un client ayant la qualit\u00e9 de commer\u00e7ant et qui serait li\u00e9 \u00e0 l\u2019interpr\u00e9tation, l\u2019ex\u00e9cution ou la validit\u00e9 des pr\u00e9sentes CGV sera soumis \u00e0 la comp\u00e9tence exclusive des tribunaux de Nantes. Pour l\u2019ensemble des autres clients, ce sont les dispositions du code de proc\u00e9dure civile qui s\u2019appliqueront.<\/p>\n\n\n\n<p><strong>Article 5 : Droit de propri\u00e9t\u00e9 intellectuelle<\/strong><\/p>\n\n\n\n<p>Le prestataire reste propri\u00e9taire de tous les droits de propri\u00e9t\u00e9 intellectuelle du contenu qu&rsquo;il r\u00e9alise en vue de fourniture des services au client sur son contenu en fichier PDF, images, photos, textes, vid\u00e9os&#8230; <\/p>\n\n\n\n<p>Le client s&rsquo;interdit donc toute reproduction ou exploitation des \u00e9tudes du contenu PDF, images, photos, textes, vid\u00e9os&#8230;, sans l&rsquo;autorisation expresse, \u00e9crite et pr\u00e9alable du prestataire qui peut la conditionner \u00e0 une contrepartie financi\u00e8re. <\/p>\n\n\n\n<p>En cas de violation de cette interdiction, le prestataire se r\u00e9serve le droit de demander des dommages et int\u00e9r\u00eats au client.<\/p>\n\n\n\n<p><strong>Article 6 : Donn\u00e9es personnelles<\/strong><\/p>\n\n\n\n<p>Les donn\u00e9es personnelles recueillies aupr\u00e8s des clients font l&rsquo;objet d&rsquo;un traitement informatique r\u00e9alis\u00e9 par le prestataire et sont enregistr\u00e9es dans son fichier clients. Elles sont indispensables au traitement de sa commande et pour aussi cr\u00e9er un compte client.<\/p>\n\n\n\n<p>Ces informations et donn\u00e9es personnelles sont \u00e9galement conserv\u00e9es afin de respecter les obligations l\u00e9gales et r\u00e9glementaires. Elles seront conserv\u00e9es aussi longtemps que n\u00e9cessaire pour l&rsquo;ex\u00e9cution des commandes.<\/p>\n\n\n\n<p>Le responsable du traitement des donn\u00e9es est le prestataire et l&rsquo;acc\u00e8s \u00e0 ces donn\u00e9es personnelles sera strictement limit\u00e9 au responsable. Le prestataire s&rsquo;interdit de vendre, louer, c\u00e9der ou donner acc\u00e8s \u00e0 des tiers aux donn\u00e9es sans consentement pr\u00e9alable du client, \u00e0 moins d&rsquo;y \u00eatre contrainte en raison d&rsquo;un motif l\u00e9gitime.<\/p>\n\n\n\n<p>Conform\u00e9ment \u00e0 la r\u00e9glementation applicable, le client dispose d&rsquo;un droit d&rsquo;acc\u00e8s, de rectification, d&rsquo;effacement et de portabilit\u00e9 des donn\u00e9es le concernant, il peut s&rsquo;adresser au responsable de traitement \u00e0 l&rsquo;adresse postale : Madame Alexandra BAUDRY, service RGPD, 35 rue du Gotha, 44118 La Chevroli\u00e8re ou par email \u00e0 contact@obienetredherbauges.fr.<\/p>\n\n\n\n<p><strong>Article 7 : Force majeure<\/strong><\/p>\n\n\n\n<p>Le prestataire ne pourra \u00eatre tenu pour responsable si la non-ex\u00e9cution ou le retard dans l&rsquo;ex\u00e9cution d\u00e9coule d&rsquo;un cas de force majeure.<\/p>\n\n\n\n<p>Conform\u00e9ment \u00e0 l&rsquo;article 1218 du Code civil, la force majeure est d\u00e9finie comme un \u00e9v\u00e8nement \u00e0 caract\u00e8re insurmontable, r\u00e9sultant d&rsquo;un fait ext\u00e9rieur, lequel consiste en un \u00e9v\u00e9nement ou s\u00e9rie d&rsquo;\u00e9v\u00e9nements de nature climatique, pand\u00e9mique, bact\u00e9riologique, militaire, politique ou diplomatique (pand\u00e9mie, actes de terrorisme, malade \u00e0 caract\u00e8re impr\u00e9visible, mouvements sociaux, confinement&#8230;).<\/p>\n\n\n\n<p><strong>Article 8 : Litiges<\/strong><\/p>\n\n\n\n<p>En vue de trouver ensemble une solution \u00e0 tout litige, les contractants conviennent d&rsquo;\u00e9changer dans les 15 jours \u00e0 compter de la r\u00e9ception d&rsquo;une lettre recommand\u00e9e avec accus\u00e9 de r\u00e9ception, notifi\u00e9e par l&rsquo;une des deux parties. La pr\u00e9sente proc\u00e9dure de r\u00e8glement amiable constitue un pr\u00e9alable obligatoire \u00e0 l&rsquo;introduction d&rsquo;une action en justice entre les parties. Toute action introduite en justice en violation de la pr\u00e9sente clause serait d\u00e9clar\u00e9e irrecevable. Toutefois, si au terme d&rsquo;un d\u00e9lai de 45 jours, les parties n&rsquo;arrivaient pas \u00e0 se mettre d&rsquo;accord sur une solution, le litige serait alors soumis \u00e0 la comp\u00e9tence juridictionnelle.<\/p>\n\n\n\n<p><strong>Article 9 : Acceptation du client<\/strong><\/p>\n\n\n\n<p>Les pr\u00e9sentes Conditions G\u00e9n\u00e9rales de Vente sont agr\u00e9\u00e9s et accept\u00e9es par le client, qui d\u00e9clare et reconna\u00eet en avoir connaissance, et renonce de ce fait, \u00e0 se pr\u00e9valoir de tout document contradictoire et notamment de ses propres conditions g\u00e9n\u00e9rales d&rsquo;achat, qui seront inopposables au prestataire m\u00eame s&rsquo;il en a eu connaissance.<\/p>\n\n\n\n<p><\/p>\n","protected":false},"excerpt":{"rendered":"<p>Article 1 : G\u00e9n\u00e9ralit\u00e9s Les pr\u00e9sentes Conditions G\u00e9n\u00e9rales de Vente constituent, conform\u00e9ment \u00e0 l&rsquo;article L441-1 du Code du Commerce, la relation commerciale entre les parties. Les pr\u00e9sentes conditions g\u00e9n\u00e9rales de &hellip; <\/p>\n","protected":false},"author":1,"featured_media":0,"parent":0,"menu_order":0,"comment_status":"closed","ping_status":"closed","template":"","meta":{"_uag_custom_page_level_css":"","_exactmetrics_skip_tracking":false,"_exactmetrics_sitenote_active":false,"_exactmetrics_sitenote_note":"","_exactmetrics_sitenote_category":0,"_monsterinsights_skip_tracking":false,"_monsterinsights_sitenote_active":false,"_monsterinsights_sitenote_note":"","_monsterinsights_sitenote_category":0,"footnotes":""},"class_list":["post-297","page","type-page","status-publish","hentry"],"aioseo_notices":[],"uagb_featured_image_src":{"full":false,"thumbnail":false,"medium":false,"medium_large":false,"large":false,"1536x1536":false,"2048x2048":false,"blossom-spa-single":false,"blossom-spa-service":false,"blossom-spa-team":false,"blossom-spa-pagination":false,"blossom-spa-blog-list":false,"blossom-spa-blog-classic":false,"blossom-spa-blog-classic-full":false,"blossom-spa-related":false,"woocommerce_thumbnail":false,"woocommerce_single":false,"woocommerce_gallery_thumbnail":false},"uagb_author_info":{"display_name":"ALEXANDRA","author_link":"https:\/\/obienetredherbauges.fr\/index.php\/author\/obienetredherbauges-fr\/"},"uagb_comment_info":0,"uagb_excerpt":"Article 1 : G\u00e9n\u00e9ralit\u00e9s Les pr\u00e9sentes Conditions G\u00e9n\u00e9rales de Vente constituent, conform\u00e9ment \u00e0 l&rsquo;article L441-1 du Code du Commerce, la relation commerciale entre les parties. Les pr\u00e9sentes conditions g\u00e9n\u00e9rales de &hellip;","jetpack_sharing_enabled":true,"_links":{"self":[{"href":"https:\/\/obienetredherbauges.fr\/index.php\/wp-json\/wp\/v2\/pages\/297","targetHints":{"allow":["GET"]}}],"collection":[{"href":"https:\/\/obienetredherbauges.fr\/index.php\/wp-json\/wp\/v2\/pages"}],"about":[{"href":"https:\/\/obienetredherbauges.fr\/index.php\/wp-json\/wp\/v2\/types\/page"}],"author":[{"embeddable":true,"href":"https:\/\/obienetredherbauges.fr\/index.php\/wp-json\/wp\/v2\/users\/1"}],"replies":[{"embeddable":true,"href":"https:\/\/obienetredherbauges.fr\/index.php\/wp-json\/wp\/v2\/comments?post=297"}],"version-history":[{"count":15,"href":"https:\/\/obienetredherbauges.fr\/index.php\/wp-json\/wp\/v2\/pages\/297\/revisions"}],"predecessor-version":[{"id":848,"href":"https:\/\/obienetredherbauges.fr\/index.php\/wp-json\/wp\/v2\/pages\/297\/revisions\/848"}],"wp:attachment":[{"href":"https:\/\/obienetredherbauges.fr\/index.php\/wp-json\/wp\/v2\/media?parent=297"}],"curies":[{"name":"wp","href":"https:\/\/api.w.org\/{rel}","templated":true}]}}